2411719 is divided by 2769.
2689
What is the remainder when 10211 is divided by 379?
357
Calculate the remainder when 71220 is divided by 4446.
84
Calculate the remainder when 13145440 is divided by 559.
555
Calculate the remainder when 50340159 is divided by 1040.
1039
What is the remainder when 148837 is divided by 158?
1
Calculate the remainder when 1700152 is divided by 11112.
16
Calculate the remainder when 27172581 is divided by 9057522.
15
Calculate the remainder when 228739 is divided by 229.
197
Calculate the remainder when 3932997 is divided by 4638.
4611
Calculate the remainder when 3574296 is divided by 893513.
244
Calculate the remainder when 65420 is divided by 1453.
35
What is the remainder when 79190 is divided by 15756?
410
Calculate the remainder when 655791 is divided by 218402.
585
Calculate the remainder when 814775 is divided by 270492.
3299
What is the remainder when 4772993 is divided by 10353?
260
What is the remainder when 247986 is divided by 41322?
54
Calculate the remainder when 955863 is divided by 56227.
4
Calculate the remainder when 132663 is divided by 33.
3
What is the remainder when 20968218 is divided by 4193637?
33
Calculate the remainder when 272005 is divided by 2987.
188
What is the remainder when 2492061 is divided by 146589?
48
Calculate the remainder when 2110885 is divided by 2696.
2613
What is the remainder when 824612 is divided by 52?
48
Calculate the remainder when 5827 is divided by 2960.
2867
Calculate the remainder when 601149 is divided by 581.
395
What is the remainder when 47720 is divided by 46450?
1270
Calculate the remainder when 490959 is divided by 1069.
288
What is the remainder when 372938 is divided by 746?
684
Calculate the remainder when 249009 is divided by 123561.
1887
Calculate the remainder when 1674050 is divided by 83702.
10
What is the remainder when 5517442 is divided by 788151?
385
What is the remainder when 64410968 is divided by 41?
9
What is the remainder when 2115662 is divided by 9320?
22
Calculate the remainder when 5737925 is divided by 956302.
113
What is the remainder when 14658418 is divided by 51?
49
What is the remainder when 289903 is divided by 3971?
20
What is the remainder when 28244383 is divided by 262?
259
Calculate the remainder when 767538 is divided by 179.
165
Calculate the remainder when 22647695 is divided by 22647688.
7
Calculate the remainder when 584634 is divided by 97428.
66
Calculate the remainder when 39234 is divided by 1402.
1380
What is the remainder when 12831174 is divided by 95?
94
Calculate the remainder when 1238771 is divided by 13327.
12687
What is the remainder when 1733966 is divided by 69358?
16
Calculate the remainder when 1140034 is divided by 66979.
1391
What is the remainder when 164012 is divided by 20272?
1836
Calculate the remainder when 7762514 is divided by 3881233.
48
What is the remainder when 775915 is divided by 28671?
1798
What is the remainder when 2955115 is divided by 1477502?
111
Calculate the remainder when 191352431 is divided by 935.
6
What is the remainder when 6388719 is divided by 57?
45
What is the remainder when 181325 is divided by 181294?
31
Calculate the remainder when 10782913 is divided by 272.
17
What is the remainder when 7909586 is divided by 124?
122
What is the remainder when 9166776 is divided by 16282?
10
Calculate the remainder when 152418835 is divided by 44.
19
What is the remainder when 5563279 is divided by 1854425?
4
Calculate the remainder when 20206264 is divided by 5.
4
What is the remainder when 16090052 is divided by 2103?
2102
What is the remainder when 604601 is divided by 201319?
644
What is the remainder when 1877082406 is divided by 9?
7
What is the remainder when 488581 is divided by 439?
413
What is the remainder when 14793581 is divided by 7677?
2
Calculate the remainder when 2680233 is divided by 83.
80
Calculate the remainder when 72637002 is divided by 82.
8
What is the remainder when 766331 is divided by 19158?
11
What is the remainder when 85774 is divided by 16392?
3814
What is the remainder when 7518388 is divided by 132?
64
What is the remainder when 1160631 is divided by 1060?
991
What is the remainder when 868654 is divided by 108575?
54
What is the remainder when 244524 is divided by 14382?
30
What is the remainder when 4180 is divided by 517?
44
Calculate the remainder when 48605 is divided by 1512.
221
Calculate the remainder when 20313923 is divided by 42409.
12
What is the remainder when 722445 is divided by 60200?
45
Calculate the remainder when 3679990 is divided by 729.
727
Calculate the remainder when 2781408 is divided by 1390665.
78
What is the remainder when 49922 is divided by 635?
392
What is the remainder when 15415755 is divided by 109?
103
What is the remainder when 324762 is divided by 2723?
725
What is the remainder when 235358 is divided by 76628?
5474
Calculate the remainder when 906736 is divided by 126.
40
What is the remainder when 76565759 is divided by 3642?
3635
Calculate the remainder when 810115 is divided by 67446.
763
Calculate the remainder when 1729878 is divided by 421.
410
What is the remainder when 1358258 is divided by 271615?
183
What is the remainder when 34214163 is divided by 82?
73
What is the remainder when 3572141 is divided by 17425?
16
Calculate the remainder when 23956 is divided by 11960.
36
Calculate the remainder when 627755143 is divided by 83.
81
What is the remainder when 945684 is divided by 2164?
16
Calculate the remainder when 2886052 is divided by 962012.
16
Calculate the remainder when 300772 is divided by 23092.
576
What is the remainder when 826828 is divided by 1056?
1036
What is the remainder when 162060 is divided by 188?
4
Calculate the remainder when 1138731 is divided by 35584.
43
Calculate the remainder when 23016918 is divided by 1129.
1124
Calculate the remainder when 774699 is divided by 13.
3
Calculate the remainder when 16448598 is divided by 16448598.
0
Calculate the remainder when 75972 is divided by 275.
72
Calculate the remainder when 3202 is divided by 41.
4
What is the remainder when 9059018 is divided by 3019631?
125
What is the remainder when 503984 is divided by 125329?
2668
Calculate the remainder when 21391289 is divided by 9.
8
What is the remainder when 6329167 is divided by 92?
27
Calculate the remainder when 2482533 is divided by 239.
40
What is the remainder when 59068 is divided by 4922?
4
What is the remainder when 73298 is divided by 35011?
3276
What is the remainder when 895116 is divided by 127870?
26
Calculate the remainder when 178746174 is divided by 217.
19
What is the remainder when 201345 is divided by 66817?
894
Calculate the remainder when 1176405 is divided by 3988.
3933
Calculate the remainder when 3759513 is divided by 1221.
54
What is the remainder when 9542285 is divided by 767?
38
What is the remainder when 18543054 is divided by 276?
270
Calculate the remainder when 303524 is divided by 303497.
27
Calculate the remainder when 515195 is divided by 13924.
7
Calculate the remainder when 8335839 is divided by 833573.
109
Calculate the remainder when 119378 is divided by 11581.
3568
What is the remainder when 6470213 is divided by 6438?
23
Calculate the remainder when 406619 is divided by 263.
21
What is the remainder when 9585015 is divided by 106?
71
What is the remainder when 14115446 is divided by 830320?
6
What is the remainder when 48427 is divided by 425?
402
Calculate the remainder when 236508 is divided by 283.
203
Calculate the remainder when 14683749 is divided by 10526.
10505
Calculate the remainder when 1358747506 is divided by 718.
716
Calculate the remainder when 609788 is divided by 304889.
10
What is the remainder when 1708837 is divided by 486?
61
Calculate the remainder when 3059852 is divided by 3059709.
143
Calculate the remainder when 5736577588 is divided by 11810.
11808
Calculate the remainder when 1777047 is divided by 293.
2
What is the remainder when 266110 is divided by 3117?
1165
What is the remainder when 227689 is divided by 104?
33
Calculate the remainder when 4423216 is divided by 99.
94
Calculate the remainder when 77972156 is divided by 2240.
2236
Calculate the remainder when 7104118 is divided by 90.
58
Calculate the re